{"id":20,"date":"2024-05-12T13:24:38","date_gmt":"2024-05-12T11:24:38","guid":{"rendered":"https:\/\/fly-park.eu\/belchatow\/?page_id=20"},"modified":"2024-07-18T09:08:22","modified_gmt":"2024-07-18T07:08:22","slug":"kontakt","status":"publish","type":"page","link":"https:\/\/fly-park.eu\/belchatow\/kontakt\/","title":{"rendered":"Kontakt"},"content":{"rendered":"","protected":false},"excerpt":{"rendered":"","protected":false},"author":1,"featured_media":0,"parent":0,"menu_order":0,"comment_status":"closed","ping_status":"closed","template":"contact.php","meta":{"_acf_changed":false,"footnotes":""},"acf":[],"yoast_head":"<!-- This site is optimized with the Yoast SEO plugin v23.0 - https:\/\/yoast.com\/wordpress\/plugins\/seo\/ -->\n<title>Kontakt - FlyPark - Be\u0142chat\u00f3w<\/title>\n<meta name=\"description\" content=\"Kontakt do Recepcja FlyPark Rzesz\u00f3w. Skontaktuj si\u0119 z nami w celu uzgodnienia terminu urodzin, wizyt grup szkolnych i wiele wi\u0119cej.\" \/>\n<meta name=\"robots\" content=\"index, follow, max-snippet:-1, max-image-preview:large, max-video-preview:-1\" \/>\n<link rel=\"canonical\" href=\"https:\/\/fly-park.eu\/belchatow\/kontakt\/\" \/>\n<meta property=\"og:locale\" content=\"pl_PL\" \/>\n<meta property=\"og:type\" content=\"article\" \/>\n<meta property=\"og:title\" content=\"Kontakt - FlyPark - Be\u0142chat\u00f3w\" \/>\n<meta property=\"og:description\" content=\"Kontakt do Recepcja FlyPark Rzesz\u00f3w. Skontaktuj si\u0119 z nami w celu uzgodnienia terminu urodzin, wizyt grup szkolnych i wiele wi\u0119cej.\" \/>\n<meta property=\"og:url\" content=\"https:\/\/fly-park.eu\/belchatow\/kontakt\/\" \/>\n<meta property=\"og:site_name\" content=\"FlyPark - Be\u0142chat\u00f3w\" \/>\n<meta property=\"article:modified_time\" content=\"2024-07-18T07:08:22+00:00\" \/>\n<meta property=\"og:image\" content=\"https:\/\/fly-park.eu\/belchatow\/wp-content\/uploads\/sites\/16\/2024\/06\/OG-IMAGE.png\" \/>\n\t<meta property=\"og:image:width\" content=\"1200\" \/>\n\t<meta property=\"og:image:height\" content=\"600\" \/>\n\t<meta property=\"og:image:type\" content=\"image\/png\" \/>\n<meta name=\"twitter:card\" content=\"summary_large_image\" \/>\n<script type=\"application\/ld+json\" class=\"yoast-schema-graph\">{\"@context\":\"https:\/\/schema.org\",\"@graph\":[{\"@type\":\"WebPage\",\"@id\":\"https:\/\/fly-park.eu\/belchatow\/kontakt\/\",\"url\":\"https:\/\/fly-park.eu\/belchatow\/kontakt\/\",\"name\":\"Kontakt - FlyPark - Be\u0142chat\u00f3w\",\"isPartOf\":{\"@id\":\"https:\/\/fly-park.eu\/belchatow\/#website\"},\"datePublished\":\"2024-05-12T11:24:38+00:00\",\"dateModified\":\"2024-07-18T07:08:22+00:00\",\"description\":\"Kontakt do Recepcja FlyPark Rzesz\u00f3w. Skontaktuj si\u0119 z nami w celu uzgodnienia terminu urodzin, wizyt grup szkolnych i wiele wi\u0119cej.\",\"breadcrumb\":{\"@id\":\"https:\/\/fly-park.eu\/belchatow\/kontakt\/#breadcrumb\"},\"inLanguage\":\"pl-PL\",\"potentialAction\":[{\"@type\":\"ReadAction\",\"target\":[\"https:\/\/fly-park.eu\/belchatow\/kontakt\/\"]}]},{\"@type\":\"BreadcrumbList\",\"@id\":\"https:\/\/fly-park.eu\/belchatow\/kontakt\/#breadcrumb\",\"itemListElement\":[{\"@type\":\"ListItem\",\"position\":1,\"name\":\"Strona g\u0142\u00f3wna\",\"item\":\"https:\/\/fly-park.eu\/belchatow\/\"},{\"@type\":\"ListItem\",\"position\":2,\"name\":\"Kontakt\"}]},{\"@type\":\"WebSite\",\"@id\":\"https:\/\/fly-park.eu\/belchatow\/#website\",\"url\":\"https:\/\/fly-park.eu\/belchatow\/\",\"name\":\"FlyPark - Be\u0142chat\u00f3w\",\"description\":\"Najlepszy Park Trampolin\",\"alternateName\":\"Park Rozrywki FlyPark w Rzeszowie\",\"potentialAction\":[{\"@type\":\"SearchAction\",\"target\":{\"@type\":\"EntryPoint\",\"urlTemplate\":\"https:\/\/fly-park.eu\/belchatow\/?s={search_term_string}\"},\"query-input\":\"required name=search_term_string\"}],\"inLanguage\":\"pl-PL\"}]}<\/script>\n<!-- \/ Yoast SEO plugin. -->","yoast_head_json":{"title":"Kontakt - FlyPark - Be\u0142chat\u00f3w","description":"Kontakt do Recepcja FlyPark Rzesz\u00f3w. Skontaktuj si\u0119 z nami w celu uzgodnienia terminu urodzin, wizyt grup szkolnych i wiele wi\u0119cej.","robots":{"index":"index","follow":"follow","max-snippet":"max-snippet:-1","max-image-preview":"max-image-preview:large","max-video-preview":"max-video-preview:-1"},"canonical":"https:\/\/fly-park.eu\/belchatow\/kontakt\/","og_locale":"pl_PL","og_type":"article","og_title":"Kontakt - FlyPark - Be\u0142chat\u00f3w","og_description":"Kontakt do Recepcja FlyPark Rzesz\u00f3w. Skontaktuj si\u0119 z nami w celu uzgodnienia terminu urodzin, wizyt grup szkolnych i wiele wi\u0119cej.","og_url":"https:\/\/fly-park.eu\/belchatow\/kontakt\/","og_site_name":"FlyPark - Be\u0142chat\u00f3w","article_modified_time":"2024-07-18T07:08:22+00:00","og_image":[{"width":1200,"height":600,"url":"https:\/\/fly-park.eu\/belchatow\/wp-content\/uploads\/sites\/16\/2024\/06\/OG-IMAGE.png","type":"image\/png"}],"twitter_card":"summary_large_image","schema":{"@context":"https:\/\/schema.org","@graph":[{"@type":"WebPage","@id":"https:\/\/fly-park.eu\/belchatow\/kontakt\/","url":"https:\/\/fly-park.eu\/belchatow\/kontakt\/","name":"Kontakt - FlyPark - Be\u0142chat\u00f3w","isPartOf":{"@id":"https:\/\/fly-park.eu\/belchatow\/#website"},"datePublished":"2024-05-12T11:24:38+00:00","dateModified":"2024-07-18T07:08:22+00:00","description":"Kontakt do Recepcja FlyPark Rzesz\u00f3w. Skontaktuj si\u0119 z nami w celu uzgodnienia terminu urodzin, wizyt grup szkolnych i wiele wi\u0119cej.","breadcrumb":{"@id":"https:\/\/fly-park.eu\/belchatow\/kontakt\/#breadcrumb"},"inLanguage":"pl-PL","potentialAction":[{"@type":"ReadAction","target":["https:\/\/fly-park.eu\/belchatow\/kontakt\/"]}]},{"@type":"BreadcrumbList","@id":"https:\/\/fly-park.eu\/belchatow\/kontakt\/#breadcrumb","itemListElement":[{"@type":"ListItem","position":1,"name":"Strona g\u0142\u00f3wna","item":"https:\/\/fly-park.eu\/belchatow\/"},{"@type":"ListItem","position":2,"name":"Kontakt"}]},{"@type":"WebSite","@id":"https:\/\/fly-park.eu\/belchatow\/#website","url":"https:\/\/fly-park.eu\/belchatow\/","name":"FlyPark - Be\u0142chat\u00f3w","description":"Najlepszy Park Trampolin","alternateName":"Park Rozrywki FlyPark w Rzeszowie","potentialAction":[{"@type":"SearchAction","target":{"@type":"EntryPoint","urlTemplate":"https:\/\/fly-park.eu\/belchatow\/?s={search_term_string}"},"query-input":"required name=search_term_string"}],"inLanguage":"pl-PL"}]}},"_links":{"self":[{"href":"https:\/\/fly-park.eu\/belchatow\/wp-json\/wp\/v2\/pages\/20"}],"collection":[{"href":"https:\/\/fly-park.eu\/belchatow\/wp-json\/wp\/v2\/pages"}],"about":[{"href":"https:\/\/fly-park.eu\/belchatow\/wp-json\/wp\/v2\/types\/page"}],"author":[{"embeddable":true,"href":"https:\/\/fly-park.eu\/belchatow\/wp-json\/wp\/v2\/users\/1"}],"replies":[{"embeddable":true,"href":"https:\/\/fly-park.eu\/belchatow\/wp-json\/wp\/v2\/comments?post=20"}],"version-history":[{"count":6,"href":"https:\/\/fly-park.eu\/belchatow\/wp-json\/wp\/v2\/pages\/20\/revisions"}],"predecessor-version":[{"id":761,"href":"https:\/\/fly-park.eu\/belchatow\/wp-json\/wp\/v2\/pages\/20\/revisions\/761"}],"wp:attachment":[{"href":"https:\/\/fly-park.eu\/belchatow\/wp-json\/wp\/v2\/media?parent=20"}],"curies":[{"name":"wp","href":"https:\/\/api.w.org\/{rel}","templated":true}]}}